{"id":79,"date":"2024-06-16T02:19:52","date_gmt":"2024-06-16T05:19:52","guid":{"rendered":"https:\/\/florestas.ufam.edu.br\/semanaflorestal\/?page_id=79"},"modified":"2024-11-05T22:01:36","modified_gmt":"2024-11-06T02:01:36","slug":"capa","status":"publish","type":"page","link":"https:\/\/florestas.ufam.edu.br\/semanaflorestal\/","title":{"rendered":"BEM VINDOS"},"content":{"rendered":"\n<p class=\"has-text-align-center\"><span style=\"font-size: 20px; font-family: 'times new roman', times;\"><em><strong>Novos Desafios para o Setor Florestal do Amazonas<\/strong><\/em><\/span><\/p>\n\n\n\n<p class=\"has-text-align-center\"><span style=\"font-family: georgia, palatino;\"><em><strong><span style=\"font-size: 17px;\">Semin\u00e1rio de Planejamento Estrat\u00e9gico do PPGCIFA<\/span><\/strong><\/em><\/span><\/p>\n\n\n\n<p class=\"has-text-align-center\"><span style=\"font-family: georgia, palatino;\"><em><strong><span style=\"font-size: 17px;\">1\u00ba Encontro de Mulheres Florestais do Amazonas<\/span><\/strong><\/em><\/span><\/p>\n\n\n\n<p class=\"has-text-align-center\"><span style=\"font-family: georgia, palatino; font-size: 17px;\">A SEMANA FLORESTAL \u00e9 um evento de cunho t\u00e9cnico-cient\u00edfico do curso de Engenharia Florestal da UFAM, que se prop\u00f5e a fomentar o debate sobre o uso sustent\u00e1vel e o setor florestal no Amazonas, incluindo os seus desdobramentos na ind\u00fastria, servi\u00e7os, com\u00e9rcio, economia, ci\u00eancia e tecnologia, pol\u00edtica, manejo e atua\u00e7\u00e3o profissional. Trata-se de um evento regional, a ser realizado no per\u00edodo de 2 a 6 de dezembro de 2024, no audit\u00f3rio Suma\u00fama (setor sul) do Campus Universit\u00e1rio da Universidade Federal do Amazonas (UFAM).<\/span><\/p>\n\n\n\n<p class=\"has-text-align-center\"><span style=\"font-family: georgia, palatino; font-size: 17px;\">Frente ao cen\u00e1rio de mudan\u00e7as clim\u00e1ticas e eventos extremos que vivenciamos no ano de 2023 precisamos como profissionais do setor florestal e sociedade, pensar, dialogar e tra\u00e7ar estrat\u00e9gias que possam realmente refletir o desenvolvimento sustent\u00e1vel para nossa regi\u00e3o.<\/span><\/p>\n\n\n\n<p class=\"has-text-align-center\"><span style=\"font-family: georgia, palatino; font-size: 17px;\">Nessa edi\u00e7\u00e3o, o evento procura trazer \u00e0 sociedade e aos profissionais, institui\u00e7\u00f5es e empresas que atuam no setor florestal, a reflex\u00e3o sobre os desafios que precisam ser pensados para que atendam as demandas devido a dinamicidade de rela\u00e7\u00f5es da sociedade com o ambiente.<\/span><\/p>\n\n\n\n<p class=\"has-text-align-center\"><span style=\"font-family: georgia, palatino; font-size: 17px;\">Com isso, o cont\u00ednuo processo de discuss\u00e3o e ado\u00e7\u00e3o de modelos de desenvolvimento de inova\u00e7\u00e3o cient\u00edfica e tecnol\u00f3gica no setor florestal frente \u00e0s necessidades atuais, fazem-se necess\u00e1rios para os atores envolvidos (sociedade civil, governo, \u00f3rg\u00e3os relacionados ao setor, universidades e etc.), contribuindo com a formata\u00e7\u00e3o de pol\u00edticas p\u00fablicas, com o desenvolvimento e execu\u00e7\u00e3o de programas e projetos de cunho sustent\u00e1vel, com a gest\u00e3o das florestas, com a manuten\u00e7\u00e3o da biodiversidade e do equil\u00edbrio ambiental.<\/span><\/p>\n\n\n\n<p>&nbsp;<\/p>\n\n\n\n<hr class=\"wp-block-separator has-alpha-channel-opacity\"\/>\n\n\n\n<h2 class=\"wp-block-heading alignwide has-text-align-center has-white-color has-text-color has-link-color has-large-font-size wp-elements-92f09c518f55daf83ab411b7c9be9236\"><mark style=\"background-color:rgba(0, 0, 0, 0)\" class=\"has-inline-color has-foreground-color\"><strong>PATROCINADORES<\/strong><\/mark><\/h2>\n\n\n\n<div class=\"wp-block-group is-layout-grid wp-container-core-group-is-layout-478b6e6b wp-block-group-is-layout-grid\">\n<figure class=\"wp-block-image size-full\"><img loading=\"lazy\" decoding=\"async\" width=\"1080\" height=\"1080\" src=\"https:\/\/florestas.ufam.edu.br\/semanaflorestal\/wp-content\/uploads\/2024\/11\/Design-sem-nome-12.jpg\" alt=\"\" class=\"wp-image-453\"\/><\/figure>\n\n\n\n<figure class=\"wp-block-image size-full wp-container-content-69bc4bdf\"><img loading=\"lazy\" decoding=\"async\" width=\"1080\" height=\"1080\" src=\"https:\/\/florestas.ufam.edu.br\/semanaflorestal\/wp-content\/uploads\/2024\/11\/Design-sem-nome-11.jpg\" alt=\"\" class=\"wp-image-452\"\/><\/figure>\n\n\n\n<div class=\"wp-block-columns is-layout-flex wp-container-core-columns-is-layout-28f84493 wp-block-columns-is-layout-flex\">\n<div class=\"wp-block-column is-layout-flow wp-block-column-is-layout-flow\" style=\"flex-basis:100%\">\n<figure class=\"wp-block-gallery has-nested-images columns-default is-cropped wp-block-gallery-1 is-layout-flex wp-block-gallery-is-layout-flex\">\n<figure class=\"wp-block-image size-full has-custom-border\"><img loading=\"lazy\" decoding=\"async\" width=\"557\" height=\"521\" data-id=\"420\" src=\"https:\/\/florestas.ufam.edu.br\/semanaflorestal\/wp-content\/uploads\/2024\/10\/WhatsApp-Image-2024-10-17-at-15.01.13-1.jpeg\" alt=\"\" class=\"wp-image-420\" style=\"border-style:none;border-width:0px;border-radius:0px\"\/><\/figure>\n<\/figure>\n<\/div>\n<\/div>\n\n\n\n<figure class=\"wp-block-image size-full\"><img loading=\"lazy\" decoding=\"async\" width=\"1080\" height=\"1080\" src=\"https:\/\/florestas.ufam.edu.br\/semanaflorestal\/wp-content\/uploads\/2024\/10\/Design-sem-nome.jpg\" alt=\"\" class=\"wp-image-422\"\/><\/figure>\n\n\n\n<figure class=\"wp-block-image size-large\"><img loading=\"lazy\" decoding=\"async\" width=\"1024\" height=\"861\" src=\"https:\/\/florestas.ufam.edu.br\/semanaflorestal\/wp-content\/uploads\/2024\/10\/Rymo-Slogan-Colorida-3-1024x861.png\" alt=\"\" class=\"wp-image-423\" srcset=\"https:\/\/florestas.ufam.edu.br\/semanaflorestal\/wp-content\/uploads\/2024\/10\/Rymo-Slogan-Colorida-3-1024x861.png 1024w, https:\/\/florestas.ufam.edu.br\/semanaflorestal\/wp-content\/uploads\/2024\/10\/Rymo-Slogan-Colorida-3-300x252.png 300w, https:\/\/florestas.ufam.edu.br\/semanaflorestal\/wp-content\/uploads\/2024\/10\/Rymo-Slogan-Colorida-3-2000x1681.png 2000w\" sizes=\"auto, (max-width: 1024px) 100vw, 1024px\" \/><\/figure>\n\n\n\n<figure class=\"wp-block-image size-full wp-container-content-69bc4bdf\"><img loading=\"lazy\" decoding=\"async\" width=\"1080\" height=\"1080\" src=\"https:\/\/florestas.ufam.edu.br\/semanaflorestal\/wp-content\/uploads\/2024\/10\/Design-sem-nome-2.jpg\" alt=\"\" class=\"wp-image-424\"\/><\/figure>\n\n\n\n<figure class=\"wp-block-image size-full wp-container-content-69bc4bdf\"><img loading=\"lazy\" decoding=\"async\" width=\"1080\" height=\"1080\" src=\"https:\/\/florestas.ufam.edu.br\/semanaflorestal\/wp-content\/uploads\/2024\/10\/Design-sem-nome-3.jpg\" alt=\"\" class=\"wp-image-431\"\/><\/figure>\n\n\n\n<figure class=\"wp-block-image size-full\"><img loading=\"lazy\" decoding=\"async\" width=\"1080\" height=\"1080\" src=\"https:\/\/florestas.ufam.edu.br\/semanaflorestal\/wp-content\/uploads\/2024\/11\/Design-sem-nome-13.jpg\" alt=\"\" class=\"wp-image-454\"\/><\/figure>\n<\/div>\n\n\n\n<hr class=\"wp-block-separator has-alpha-channel-opacity\"\/>\n\n\n\n<h2 class=\"wp-block-heading has-text-align-center has-large-font-size\"><strong>REALIZADORES<\/strong><\/h2>\n\n\n\n<div class=\"wp-block-group is-layout-grid wp-container-core-group-is-layout-478b6e6b wp-block-group-is-layout-grid\">\n<figure class=\"wp-block-image size-full\"><img loading=\"lazy\" decoding=\"async\" width=\"1080\" height=\"1080\" src=\"https:\/\/florestas.ufam.edu.br\/semanaflorestal\/wp-content\/uploads\/2024\/10\/Design-sem-nome-8.jpg\" alt=\"\" class=\"wp-image-437\"\/><\/figure>\n\n\n\n<div class=\"wp-block-columns is-layout-flex wp-container-core-columns-is-layout-28f84493 wp-block-columns-is-layout-flex\">\n<div class=\"wp-block-column is-layout-flow wp-block-column-is-layout-flow\" style=\"flex-basis:100%\">\n<figure class=\"wp-block-image size-full\"><img loading=\"lazy\" decoding=\"async\" width=\"1080\" height=\"1080\" src=\"https:\/\/florestas.ufam.edu.br\/semanaflorestal\/wp-content\/uploads\/2024\/10\/Design-sem-nome-5.jpg\" alt=\"\" class=\"wp-image-434\"\/><\/figure>\n<\/div>\n<\/div>\n\n\n\n<figure class=\"wp-block-image size-large\"><img loading=\"lazy\" decoding=\"async\" width=\"1024\" height=\"1024\" src=\"https:\/\/florestas.ufam.edu.br\/semanaflorestal\/wp-content\/uploads\/2024\/10\/Design-sem-nome-13-1024x1024.png\" alt=\"\" class=\"wp-image-436\" srcset=\"https:\/\/florestas.ufam.edu.br\/semanaflorestal\/wp-content\/uploads\/2024\/10\/Design-sem-nome-13-1024x1024.png 1024w, https:\/\/florestas.ufam.edu.br\/semanaflorestal\/wp-content\/uploads\/2024\/10\/Design-sem-nome-13-300x300.png 300w, https:\/\/florestas.ufam.edu.br\/semanaflorestal\/wp-content\/uploads\/2024\/10\/Design-sem-nome-13-150x150.png 150w, https:\/\/florestas.ufam.edu.br\/semanaflorestal\/wp-content\/uploads\/2024\/10\/Design-sem-nome-13.png 1080w\" sizes=\"auto, (max-width: 1024px) 100vw, 1024px\" \/><\/figure>\n\n\n\n<figure class=\"wp-block-image size-full\"><img loading=\"lazy\" decoding=\"async\" width=\"1080\" height=\"1080\" src=\"https:\/\/florestas.ufam.edu.br\/semanaflorestal\/wp-content\/uploads\/2024\/10\/Design-sem-nome-9.jpg\" alt=\"\" class=\"wp-image-438\"\/><\/figure>\n\n\n\n<figure class=\"wp-block-image size-full\"><img loading=\"lazy\" decoding=\"async\" width=\"1080\" height=\"1080\" src=\"https:\/\/florestas.ufam.edu.br\/semanaflorestal\/wp-content\/uploads\/2024\/10\/Design-sem-nome-7.jpg\" alt=\"\" class=\"wp-image-439\"\/><\/figure>\n<\/div>\n\n\n\n<div class=\"wp-block-group is-layout-grid wp-container-core-group-is-layout-478b6e6b wp-block-group-is-layout-grid\">\n<p><\/p>\n\n\n\n<figure class=\"wp-block-image size-full\"><img loading=\"lazy\" decoding=\"async\" width=\"1080\" height=\"1080\" src=\"https:\/\/florestas.ufam.edu.br\/semanaflorestal\/wp-content\/uploads\/2024\/10\/Design-sem-nome-10.jpg\" alt=\"\" class=\"wp-image-441\"\/><\/figure>\n\n\n\n<figure class=\"wp-block-image size-full\"><img loading=\"lazy\" decoding=\"async\" width=\"1080\" height=\"1080\" src=\"https:\/\/florestas.ufam.edu.br\/semanaflorestal\/wp-content\/uploads\/2024\/10\/Design-sem-nome-6-1.jpg\" alt=\"\" class=\"wp-image-442\"\/><\/figure>\n\n\n\n<figure class=\"wp-block-gallery has-nested-images columns-default is-cropped wp-block-gallery-2 is-layout-flex wp-block-gallery-is-layout-flex\">\n<figure class=\"wp-block-image size-full\"><img loading=\"lazy\" decoding=\"async\" width=\"1080\" height=\"1080\" data-id=\"440\" src=\"https:\/\/florestas.ufam.edu.br\/semanaflorestal\/wp-content\/uploads\/2024\/10\/ENGENHARIA-FLORESTAL.jpg\" alt=\"\" class=\"wp-image-440\"\/><\/figure>\n<\/figure>\n<\/div>\n\n\n\n<p><\/p>\n","protected":false},"excerpt":{"rendered":"<p>Novos Desafios para o Setor Florestal do Amazonas Semin\u00e1rio de Planejamento Estrat\u00e9gico do PPGCIFA 1\u00ba Encontro de Mulheres Florestais do Amazonas A SEMANA FLORESTAL \u00e9 um evento de cunho t\u00e9cnico-cient\u00edfico do curso de Engenharia Florestal da UFAM, que se prop\u00f5e a fomentar o debate sobre o uso sustent\u00e1vel e o setor florestal no Amazonas, incluindo &hellip; <\/p>\n<p class=\"link-more\"><a href=\"https:\/\/florestas.ufam.edu.br\/semanaflorestal\/\" class=\"more-link\">Leia mais<span class=\"screen-reader-text\"> &#8220;BEM VINDOS&#8221;<\/span><\/a><\/p>\n","protected":false},"author":1,"featured_media":0,"parent":0,"menu_order":0,"comment_status":"closed","ping_status":"closed","template":"","meta":{"footnotes":""},"class_list":["post-79","page","type-page","status-publish","hentry"],"_links":{"self":[{"href":"https:\/\/florestas.ufam.edu.br\/semanaflorestal\/wp-json\/wp\/v2\/pages\/79","targetHints":{"allow":["GET"]}}],"collection":[{"href":"https:\/\/florestas.ufam.edu.br\/semanaflorestal\/wp-json\/wp\/v2\/pages"}],"about":[{"href":"https:\/\/florestas.ufam.edu.br\/semanaflorestal\/wp-json\/wp\/v2\/types\/page"}],"author":[{"embeddable":true,"href":"https:\/\/florestas.ufam.edu.br\/semanaflorestal\/wp-json\/wp\/v2\/users\/1"}],"replies":[{"embeddable":true,"href":"https:\/\/florestas.ufam.edu.br\/semanaflorestal\/wp-json\/wp\/v2\/comments?post=79"}],"version-history":[{"count":64,"href":"https:\/\/florestas.ufam.edu.br\/semanaflorestal\/wp-json\/wp\/v2\/pages\/79\/revisions"}],"predecessor-version":[{"id":455,"href":"https:\/\/florestas.ufam.edu.br\/semanaflorestal\/wp-json\/wp\/v2\/pages\/79\/revisions\/455"}],"wp:attachment":[{"href":"https:\/\/florestas.ufam.edu.br\/semanaflorestal\/wp-json\/wp\/v2\/media?parent=79"}],"curies":[{"name":"wp","href":"https:\/\/api.w.org\/{rel}","templated":true}]}}