{"id":45,"date":"2023-11-15T10:50:18","date_gmt":"2023-11-15T13:50:18","guid":{"rendered":"https:\/\/florestas.ufam.edu.br\/amazoniali\/?page_id=45"},"modified":"2023-11-21T14:28:46","modified_gmt":"2023-11-21T17:28:46","slug":"que-site-e-esse","status":"publish","type":"page","link":"https:\/\/florestas.ufam.edu.br\/amazoniali\/que-site-e-esse\/","title":{"rendered":"Que site \u00e9 esse?"},"content":{"rendered":"<p>O Amaz\u00f4nia L\u00fadica Interativa \u00e9 um projeto desenvolvido pelo curso de Engenharia Florestal da Universidade Federal do Amazonas. Encontra-se institucionalizado pelo Programa Institucional de Bolsas de Inicia\u00e7\u00e3o em Desenvolvimento Tecnol\u00f3gico e Inova\u00e7\u00e3o (PIBITI), programa coordenado pela Pr\u00f3-Reitoria de Inova\u00e7\u00e3o Tecnol\u00f3gica (PROTEC\/UFAM). Constitui-se de um reposit\u00f3rio digital sobre a Amaz\u00f4nia, direcionado \u00e0 crian\u00e7as, com a proposta de auxiliar pais, alunos e professores a construir uma abordagem rica, multidisciplinar, interativa, multim\u00eddia e, ao mesmo tempo, t\u00e9cnica e educativa.<\/p>\n<p>A elabora\u00e7\u00e3o dos conte\u00fados utiliza fortemente os recursos de Intelig\u00eancia Artificial (IA), bem como a expertise acumulada em mais de tr\u00eas d\u00e9cadas do curso de Engenharia Florestal da Universidade Federal do Amazonas. O conte\u00fado \u00e9 composto por textos, imagens, v\u00eddeos, m\u00fasicas e games com tem\u00e1tica amaz\u00f4nica. Espera-se que este projeto resulte em um ambiente virtual educativo, com informa\u00e7\u00f5es precisas e linguagem adequada ao p\u00fablico-alvo, contemplando temas como ecologia, fauna, flora, gastronomia regional, povos origin\u00e1rios, geografia e hist\u00f3ria, tudo dentro de uma interface amig\u00e1vel, contempor\u00e2nea e intuitiva.<\/p>\n<p>Re\u00fane, em um espa\u00e7o interativo, recursos complementares \u00e0 educa\u00e7\u00e3o, tentando preencher uma lacuna de conhecimento voltada<br \/>\npara a regi\u00e3o amaz\u00f4nica e, mais que isso, produzido por pessoas da regi\u00e3o, utilizando, como motor, os mais recentes recursos tecnol\u00f3gicos de intelig\u00eancia artificial.<\/p>\n<p>Coordena\u00e7\u00e3o: Prof. Dr. Francisco Tarc\u00edsio Moraes Mady, Departamento de Ci\u00eancias Florestais\/UFAM<\/p>\n<p>Discente respons\u00e1vel: Adrya Alexya Souza Goes<\/p>\n<p>Colaborador: Jo\u00e3o Victor Barros Wezen, analista de TI.<\/p>\n<div class=\"pdfprnt-buttons pdfprnt-buttons-page pdfprnt-bottom-left\"><a href=\"https:\/\/florestas.ufam.edu.br\/amazoniali\/wp-json\/wp\/v2\/pages\/45?print=pdf\" class=\"pdfprnt-button pdfprnt-button-pdf\" target=\"_blank\"><\/a><a href=\"https:\/\/florestas.ufam.edu.br\/amazoniali\/wp-json\/wp\/v2\/pages\/45?print=print\" class=\"pdfprnt-button pdfprnt-button-print\" target=\"_blank\"><img decoding=\"async\" src=\"https:\/\/florestas.ufam.edu.br\/amazoniali\/wp-content\/plugins\/pdf-print\/images\/print.png\" alt=\"image_print\" title=\"Conte\u00fado de impress\u00e3o\" \/><span class=\"pdfprnt-button-title pdfprnt-button-print-title\">Imprima uma vers\u00e3o desta p\u00e1gina em pdf<\/span><\/a><\/div>","protected":false},"excerpt":{"rendered":"<p>O Amaz\u00f4nia L\u00fadica Interativa \u00e9 um projeto desenvolvido pelo curso de Engenharia Florestal da Universidade Federal do Amazonas. Encontra-se institucionalizado pelo Programa Institucional de Bolsas de Inicia\u00e7\u00e3o em Desenvolvimento Tecnol\u00f3gico e Inova\u00e7\u00e3o (PIBITI), programa coordenado pela Pr\u00f3-Reitoria de Inova\u00e7\u00e3o Tecnol\u00f3gica (PROTEC\/UFAM). Constitui-se de um reposit\u00f3rio digital sobre a Amaz\u00f4nia, direcionado \u00e0 crian\u00e7as, com a proposta [&hellip;]<\/p>\n","protected":false},"author":1,"featured_media":0,"parent":0,"menu_order":0,"comment_status":"closed","ping_status":"closed","template":"","meta":{"footnotes":""},"class_list":["post-45","page","type-page","status-publish","hentry"],"blocksy_meta":[],"ams_acf":[],"_links":{"self":[{"href":"https:\/\/florestas.ufam.edu.br\/amazoniali\/wp-json\/wp\/v2\/pages\/45","targetHints":{"allow":["GET"]}}],"collection":[{"href":"https:\/\/florestas.ufam.edu.br\/amazoniali\/wp-json\/wp\/v2\/pages"}],"about":[{"href":"https:\/\/florestas.ufam.edu.br\/amazoniali\/wp-json\/wp\/v2\/types\/page"}],"author":[{"embeddable":true,"href":"https:\/\/florestas.ufam.edu.br\/amazoniali\/wp-json\/wp\/v2\/users\/1"}],"replies":[{"embeddable":true,"href":"https:\/\/florestas.ufam.edu.br\/amazoniali\/wp-json\/wp\/v2\/comments?post=45"}],"version-history":[{"count":12,"href":"https:\/\/florestas.ufam.edu.br\/amazoniali\/wp-json\/wp\/v2\/pages\/45\/revisions"}],"predecessor-version":[{"id":296,"href":"https:\/\/florestas.ufam.edu.br\/amazoniali\/wp-json\/wp\/v2\/pages\/45\/revisions\/296"}],"wp:attachment":[{"href":"https:\/\/florestas.ufam.edu.br\/amazoniali\/wp-json\/wp\/v2\/media?parent=45"}],"curies":[{"name":"wp","href":"https:\/\/api.w.org\/{rel}","templated":true}]}}